{"id":1136,"date":"2025-06-30T16:45:59","date_gmt":"2025-06-30T14:45:59","guid":{"rendered":"https:\/\/www.ard-musikwettbewerb.de\/?post_type=musician&#038;p=1136"},"modified":"2025-09-06T19:44:17","modified_gmt":"2025-09-06T17:44:17","slug":"seunghui-kim","status":"publish","type":"musician","link":"https:\/\/www.ard-musikwettbewerb.de\/en\/musician\/seunghui-kim\/","title":{"rendered":"Seunghui Kim"},"content":{"rendered":"\n<div class=\"wp-block-columns is-layout-flex wp-container-core-columns-is-layout-28f84493 wp-block-columns-is-layout-flex\">\n<div class=\"wp-block-column is-layout-flow wp-block-column-is-layout-flow\" style=\"flex-basis:50%\"><header class=\"musician--header has-xx-large-font-size\">\n    <h1 class=\"musician--title\">Seunghui Kim<\/h1>\n    <\/header>\n\n\n<ul class=\"awards--list\"><\/ul>\n\n<ul class=\"instruments--list\"><li class=\"instruments--item\"><span class=\"tag\">Klavier<\/span><\/li><\/ul>\n\n\n<p class=\"musician--bio has-medium-font-size\"><\/p>\n\n\n\n<h2 class=\"wp-block-heading\">Wettbewerbsrepertoire<\/h2>\n\n\n\n<h4 class=\"wp-block-heading\">Erste Runde<\/h4>\n\n\n\n<ul class=\"wp-block-list\">\n<li>Domenico Scarlatti, Sonate K.op. 1op. 35\/L.op. 224<\/li>\n\n\n\n<li>Johann Sebastian Bach, Das Wohltemperierte Klavier I: Pr\u00e4ludium und Fuge Nr. 3 BWV 848<\/li>\n\n\n\n<li>Fr\u00e9d\u00e9ric Chopin, Et\u00fcde op. 25 Nr. 11<\/li>\n\n\n\n<li>Pascal Dusapin, Piano Works Nr. 1, Did it again<\/li>\n<\/ul>\n\n\n\n<h4 class=\"wp-block-heading\">Zweite Runde<\/h4>\n\n\n\n<ul class=\"wp-block-list\">\n<li>Maurice Ravel, Valses nobles et sentimentales<\/li>\n\n\n\n<li>Ludwig van Beethoven, Sonate op. 101 Nr. 28<\/li>\n\n\n\n<li>Franz Schubert, Sonate D 784<\/li>\n<\/ul>\n\n\n\n<h4 class=\"wp-block-heading\">Semifinale<\/h4>\n\n\n\n<ul class=\"wp-block-list\">\n<li>Wolfgang Amadeus Mozart, Konzert f\u00fcr Klavier und Orchester KV 459<\/li>\n\n\n\n<li>Enno Poppe, Zaun f\u00fcr Klavier solo<\/li>\n<\/ul>\n\n\n\n<h4 class=\"wp-block-heading\">Finale<\/h4>\n\n\n\n<ul class=\"wp-block-list\">\n<li>Camille Saint-Sa\u00ebns, Konzert Nr. 2 g-Moll, op. 22<\/li>\n<\/ul>\n<\/div>\n\n\n\n<div class=\"wp-block-column is-layout-flow wp-block-column-is-layout-flow\" style=\"flex-basis:16.67%\"><\/div>\n\n\n\n<div class=\"wp-block-column is-layout-flow wp-block-column-is-layout-flow\" style=\"flex-basis:33.33%\"><figure class=\"wp-block-post-featured-image\"><img loading=\"lazy\" decoding=\"async\" width=\"480\" height=\"650\" src=\"https:\/\/www.ard-musikwettbewerb.de\/app\/uploads\/2025\/06\/Klavier_Kim_Seunghui_1583269_photo-480x650.jpeg\" class=\"attachment-musicians size-musicians wp-post-image\" alt=\"\" style=\"object-fit:cover;\" srcset=\"https:\/\/www.ard-musikwettbewerb.de\/app\/uploads\/2025\/06\/Klavier_Kim_Seunghui_1583269_photo-480x650.jpeg 480w, https:\/\/www.ard-musikwettbewerb.de\/app\/uploads\/2025\/06\/Klavier_Kim_Seunghui_1583269_photo-480x650@2x.jpeg 960w\" sizes=\"auto, (max-width: 480px) 100vw, 480px\" \/><\/figure><\/div>\n<\/div>\n\n\n\n<p><\/p>\n","protected":false},"featured_media":1137,"template":"","meta":{"_acf_changed":false,"_relevanssi_hide_post":"","_relevanssi_hide_content":"","_relevanssi_pin_for_all":"","_relevanssi_pin_keywords":"","_relevanssi_unpin_keywords":"","_relevanssi_related_keywords":"","_relevanssi_related_include_ids":"","_relevanssi_related_exclude_ids":"","_relevanssi_related_no_append":"","_relevanssi_related_not_related":"","_relevanssi_related_posts":"","_relevanssi_noindex_reason":"","location":"","awards":"1","footnotes":""},"instrument":[10],"position":[],"class_list":["post-1136","musician","type-musician","status-publish","has-post-thumbnail","hentry","instrument-klavier"],"acf":[],"_links":{"self":[{"href":"https:\/\/www.ard-musikwettbewerb.de\/en\/wp-json\/wp\/v2\/musician\/1136","targetHints":{"allow":["GET"]}}],"collection":[{"href":"https:\/\/www.ard-musikwettbewerb.de\/en\/wp-json\/wp\/v2\/musician"}],"about":[{"href":"https:\/\/www.ard-musikwettbewerb.de\/en\/wp-json\/wp\/v2\/types\/musician"}],"version-history":[{"count":4,"href":"https:\/\/www.ard-musikwettbewerb.de\/en\/wp-json\/wp\/v2\/musician\/1136\/revisions"}],"predecessor-version":[{"id":7336,"href":"https:\/\/www.ard-musikwettbewerb.de\/en\/wp-json\/wp\/v2\/musician\/1136\/revisions\/7336"}],"wp:featuredmedia":[{"embeddable":true,"href":"https:\/\/www.ard-musikwettbewerb.de\/en\/wp-json\/wp\/v2\/media\/1137"}],"wp:attachment":[{"href":"https:\/\/www.ard-musikwettbewerb.de\/en\/wp-json\/wp\/v2\/media?parent=1136"}],"wp:term":[{"taxonomy":"instrument","embeddable":true,"href":"https:\/\/www.ard-musikwettbewerb.de\/en\/wp-json\/wp\/v2\/instrument?post=1136"},{"taxonomy":"position","embeddable":true,"href":"https:\/\/www.ard-musikwettbewerb.de\/en\/wp-json\/wp\/v2\/position?post=1136"}],"curies":[{"name":"wp","href":"https:\/\/api.w.org\/{rel}","templated":true}]}}

<div class="wp-block-columns is-layout-flex wp-container-core-columns-is-layout-28f84493 wp-block-columns-is-layout-flex">
<div class="wp-block-column is-layout-flow wp-block-column-is-layout-flow" style="flex-basis:50%"><header class="musician--header has-xx-large-font-size">
    <h1 class="musician--title">Seunghui Kim</h1>
    </header>


<ul class="awards--list"></ul>

<ul class="instruments--list"><li class="instruments--item"><span class="tag">Klavier</span></li></ul>


<p class="musician--bio has-medium-font-size"></p>



<h2 class="wp-block-heading">Wettbewerbsrepertoire</h2>



<h4 class="wp-block-heading">Erste Runde</h4>



<ul class="wp-block-list">
<li>Domenico Scarlatti, Sonate K.op. 1op. 35/L.op. 224</li>



<li>Johann Sebastian Bach, Das Wohltemperierte Klavier I: Präludium und Fuge Nr. 3 BWV 848</li>



<li>Frédéric Chopin, Etüde op. 25 Nr. 11</li>



<li>Pascal Dusapin, Piano Works Nr. 1, Did it again</li>
</ul>



<h4 class="wp-block-heading">Zweite Runde</h4>



<ul class="wp-block-list">
<li>Maurice Ravel, Valses nobles et sentimentales</li>



<li>Ludwig van Beethoven, Sonate op. 101 Nr. 28</li>



<li>Franz Schubert, Sonate D 784</li>
</ul>



<h4 class="wp-block-heading">Semifinale</h4>



<ul class="wp-block-list">
<li>Wolfgang Amadeus Mozart, Konzert für Klavier und Orchester KV 459</li>



<li>Enno Poppe, Zaun für Klavier solo</li>
</ul>



<h4 class="wp-block-heading">Finale</h4>



<ul class="wp-block-list">
<li>Camille Saint-Saëns, Konzert Nr. 2 g-Moll, op. 22</li>
</ul>
</div>



<div class="wp-block-column is-layout-flow wp-block-column-is-layout-flow" style="flex-basis:16.67%"></div>



<div class="wp-block-column is-layout-flow wp-block-column-is-layout-flow" style="flex-basis:33.33%"><figure class="wp-block-post-featured-image"><img loading="lazy" decoding="async" width="480" height="650" src="https://www.ard-musikwettbewerb.de/app/uploads/2025/06/Klavier_Kim_Seunghui_1583269_photo-480x650.jpeg" class="attachment-musicians size-musicians wp-post-image" alt="" style="object-fit:cover;" srcset="https://www.ard-musikwettbewerb.de/app/uploads/2025/06/Klavier_Kim_Seunghui_1583269_photo-480x650.jpeg 480w, https://www.ard-musikwettbewerb.de/app/uploads/2025/06/Klavier_Kim_Seunghui_1583269_photo-480x650@2x.jpeg 960w" sizes="auto, (max-width: 480px) 100vw, 480px" /></figure></div>
</div>



<p></p>
