{"id":892,"date":"2025-06-30T16:00:22","date_gmt":"2025-06-30T14:00:22","guid":{"rendered":"https:\/\/www.ard-musikwettbewerb.de\/?post_type=musician&#038;p=892"},"modified":"2025-08-27T18:53:32","modified_gmt":"2025-08-27T16:53:32","slug":"lyuta-kobayashi","status":"publish","type":"musician","link":"https:\/\/www.ard-musikwettbewerb.de\/en\/musician\/lyuta-kobayashi\/","title":{"rendered":"Lyuta Kobayashi"},"content":{"rendered":"\n<div class=\"wp-block-columns is-layout-flex wp-container-core-columns-is-layout-28f84493 wp-block-columns-is-layout-flex\">\n<div class=\"wp-block-column is-layout-flow wp-block-column-is-layout-flow\" style=\"flex-basis:50%\"><header class=\"musician--header has-xx-large-font-size\">\n    <h1 class=\"musician--title\">Lyuta Kobayashi<\/h1>\n    <\/header>\n\n\n\n\n<ul class=\"instruments--list\"><li class=\"instruments--item\"><span class=\"tag\">Klarinette<\/span><\/li><\/ul>\n\n\n<p class=\"musician--bio has-medium-font-size\"><\/p>\n\n\n\n<h2 class=\"wp-block-heading\">Wettbewerbsrepertoire<\/h2>\n\n\n\n<h4 class=\"wp-block-heading\">Erste Runde<\/h4>\n\n\n\n<ul class=\"wp-block-list\">\n<li>J\u00f6rg Widmann, Drei Schattent\u00e4nze f\u00fcr Klarinette solo<\/li>\n\n\n\n<li>Carl Maria von Weber, Konzert Nr. 2 Es-Dur, op. 74<\/li>\n<\/ul>\n\n\n\n<h4 class=\"wp-block-heading\">Zweite Runde<\/h4>\n\n\n\n<ul class=\"wp-block-list\">\n<li>Johannes Brahms, Sonate f\u00fcr Klarinette und Klavier<\/li>\n\n\n\n<li>Claude Debussy, Premi\u00e8re Rhapsodie f\u00fcr Klarinette und Klavier<\/li>\n\n\n\n<li>Iris ter Schiphorst, F\u00fcnf Miniaturen plus Coda<\/li>\n<\/ul>\n\n\n\n<h4 class=\"wp-block-heading\">Semifinale<\/h4>\n\n\n\n<ul class=\"wp-block-list\">\n<li>Wolfgang Amadeus Mozart, Konzert<\/li>\n<\/ul>\n\n\n\n<h4 class=\"wp-block-heading\">Finale<\/h4>\n\n\n\n<ul class=\"wp-block-list\">\n<li>Carl Nielsen, Konzert f\u00fcr Klarinette und Orchester op. 57<\/li>\n<\/ul>\n<\/div>\n\n\n\n<div class=\"wp-block-column is-layout-flow wp-block-column-is-layout-flow\" style=\"flex-basis:16.67%\"><\/div>\n\n\n\n<div class=\"wp-block-column is-layout-flow wp-block-column-is-layout-flow\" style=\"flex-basis:33.33%\"><figure class=\"wp-block-post-featured-image\"><img loading=\"lazy\" decoding=\"async\" width=\"480\" height=\"650\" src=\"https:\/\/www.ard-musikwettbewerb.de\/app\/uploads\/2025\/06\/Klarinette_Kobayashi_Lyuta_1581903_photo-480x650.jpeg\" class=\"attachment-musicians size-musicians wp-post-image\" alt=\"\" style=\"object-fit:cover;\" srcset=\"https:\/\/www.ard-musikwettbewerb.de\/app\/uploads\/2025\/06\/Klarinette_Kobayashi_Lyuta_1581903_photo-480x650.jpeg 480w, https:\/\/www.ard-musikwettbewerb.de\/app\/uploads\/2025\/06\/Klarinette_Kobayashi_Lyuta_1581903_photo-480x650@2x.jpeg 960w\" sizes=\"auto, (max-width: 480px) 100vw, 480px\" \/><\/figure><\/div>\n<\/div>\n\n\n\n<p><\/p>\n","protected":false},"featured_media":893,"template":"","meta":{"_acf_changed":false,"_relevanssi_hide_post":"","_relevanssi_hide_content":"","_relevanssi_pin_for_all":"","_relevanssi_pin_keywords":"","_relevanssi_unpin_keywords":"","_relevanssi_related_keywords":"","_relevanssi_related_include_ids":"","_relevanssi_related_exclude_ids":"","_relevanssi_related_no_append":"","_relevanssi_related_not_related":"","_relevanssi_related_posts":"","_relevanssi_noindex_reason":"","location":"","awards":"","footnotes":""},"instrument":[9],"position":[],"class_list":["post-892","musician","type-musician","status-publish","has-post-thumbnail","hentry","instrument-klarinette"],"acf":[],"_links":{"self":[{"href":"https:\/\/www.ard-musikwettbewerb.de\/en\/wp-json\/wp\/v2\/musician\/892","targetHints":{"allow":["GET"]}}],"collection":[{"href":"https:\/\/www.ard-musikwettbewerb.de\/en\/wp-json\/wp\/v2\/musician"}],"about":[{"href":"https:\/\/www.ard-musikwettbewerb.de\/en\/wp-json\/wp\/v2\/types\/musician"}],"version-history":[{"count":4,"href":"https:\/\/www.ard-musikwettbewerb.de\/en\/wp-json\/wp\/v2\/musician\/892\/revisions"}],"predecessor-version":[{"id":6495,"href":"https:\/\/www.ard-musikwettbewerb.de\/en\/wp-json\/wp\/v2\/musician\/892\/revisions\/6495"}],"wp:featuredmedia":[{"embeddable":true,"href":"https:\/\/www.ard-musikwettbewerb.de\/en\/wp-json\/wp\/v2\/media\/893"}],"wp:attachment":[{"href":"https:\/\/www.ard-musikwettbewerb.de\/en\/wp-json\/wp\/v2\/media?parent=892"}],"wp:term":[{"taxonomy":"instrument","embeddable":true,"href":"https:\/\/www.ard-musikwettbewerb.de\/en\/wp-json\/wp\/v2\/instrument?post=892"},{"taxonomy":"position","embeddable":true,"href":"https:\/\/www.ard-musikwettbewerb.de\/en\/wp-json\/wp\/v2\/position?post=892"}],"curies":[{"name":"wp","href":"https:\/\/api.w.org\/{rel}","templated":true}]}}

<div class="wp-block-columns is-layout-flex wp-container-core-columns-is-layout-28f84493 wp-block-columns-is-layout-flex">
<div class="wp-block-column is-layout-flow wp-block-column-is-layout-flow" style="flex-basis:50%"><header class="musician--header has-xx-large-font-size">
    <h1 class="musician--title">Lyuta Kobayashi</h1>
    </header>




<ul class="instruments--list"><li class="instruments--item"><span class="tag">Klarinette</span></li></ul>


<p class="musician--bio has-medium-font-size"></p>



<h2 class="wp-block-heading">Wettbewerbsrepertoire</h2>



<h4 class="wp-block-heading">Erste Runde</h4>



<ul class="wp-block-list">
<li>Jörg Widmann, Drei Schattentänze für Klarinette solo</li>



<li>Carl Maria von Weber, Konzert Nr. 2 Es-Dur, op. 74</li>
</ul>



<h4 class="wp-block-heading">Zweite Runde</h4>



<ul class="wp-block-list">
<li>Johannes Brahms, Sonate für Klarinette und Klavier</li>



<li>Claude Debussy, Première Rhapsodie für Klarinette und Klavier</li>



<li>Iris ter Schiphorst, Fünf Miniaturen plus Coda</li>
</ul>



<h4 class="wp-block-heading">Semifinale</h4>



<ul class="wp-block-list">
<li>Wolfgang Amadeus Mozart, Konzert</li>
</ul>



<h4 class="wp-block-heading">Finale</h4>



<ul class="wp-block-list">
<li>Carl Nielsen, Konzert für Klarinette und Orchester op. 57</li>
</ul>
</div>



<div class="wp-block-column is-layout-flow wp-block-column-is-layout-flow" style="flex-basis:16.67%"></div>



<div class="wp-block-column is-layout-flow wp-block-column-is-layout-flow" style="flex-basis:33.33%"><figure class="wp-block-post-featured-image"><img loading="lazy" decoding="async" width="480" height="650" src="https://www.ard-musikwettbewerb.de/app/uploads/2025/06/Klarinette_Kobayashi_Lyuta_1581903_photo-480x650.jpeg" class="attachment-musicians size-musicians wp-post-image" alt="" style="object-fit:cover;" srcset="https://www.ard-musikwettbewerb.de/app/uploads/2025/06/Klarinette_Kobayashi_Lyuta_1581903_photo-480x650.jpeg 480w, https://www.ard-musikwettbewerb.de/app/uploads/2025/06/Klarinette_Kobayashi_Lyuta_1581903_photo-480x650@2x.jpeg 960w" sizes="auto, (max-width: 480px) 100vw, 480px" /></figure></div>
</div>



<p></p>
